.
440
What is the remainder when 1005645 is divided by 123?
120
Calculate the remainder when 129473 is divided by 32.
1
What is the remainder when 108937 is divided by 54464?
9
What is the remainder when 1924 is divided by 93?
64
Calculate the remainder when 64796 is divided by 16.
12
What is the remainder when 12572 is divided by 2501?
67
What is the remainder when 93388 is divided by 47?
46
Calculate the remainder when 25334 is divided by 220.
34
What is the remainder when 17851 is divided by 4455?
31
Calculate the remainder when 256891 is divided by 72.
67
Calculate the remainder when 23428 is divided by 88.
20
What is the remainder when 2220 is divided by 12?
0
What is the remainder when 22876 is divided by 618?
10
Calculate the remainder when 116634 is divided by 23.
1
Calculate the remainder when 76657 is divided by 28.
21
Calculate the remainder when 121077 is divided by 752.
5
What is the remainder when 884 is divided by 49?
2
Calculate the remainder when 22901 is divided by 22872.
29
Calculate the remainder when 107387 is divided by 24.
11
Calculate the remainder when 29472 is divided by 298.
268
What is the remainder when 11612 is divided by 237?
236
What is the remainder when 1435 is divided by 803?
632
Calculate the remainder when 1116 is divided by 52.
24
Calculate the remainder when 8128 is divided by 326.
304
Calculate the remainder when 1127 is divided by 332.
131
Calculate the remainder when 2171460 is divided by 1951.
1948
What is the remainder when 5940113 is divided by 939?
938
What is the remainder when 158 is divided by 31?
3
What is the remainder when 3866 is divided by 1916?
34
What is the remainder when 2259 is divided by 39?
36
What is the remainder when 10319 is divided by 86?
85
Calculate the remainder when 406877 is divided by 146.
121
Calculate the remainder when 212 is divided by 180.
32
Calculate the remainder when 17246 is divided by 174.
20
What is the remainder when 88072 is divided by 29?
28
What is the remainder when 1293 is divided by 612?
69
Calculate the remainder when 511 is divided by 442.
69
Calculate the remainder when 364464 is divided by 182229.
6
Calculate the remainder when 469387 is divided by 12.
7
What is the remainder when 55185 is divided by 6129?
24
What is the remainder when 25116 is divided by 1475?
41
What is the remainder when 3923368 is divided by 297?
295
Calculate the remainder when 1346 is divided by 1218.
128
What is the remainder when 10670 is divided by 10536?
134
Calculate the remainder when 651 is divided by 52.
27
What is the remainder when 40939 is divided by 6?
1
What is the remainder when 335967 is divided by 1183?
1178
What is the remainder when 165152 is divided by 35?
22
Calculate the remainder when 3813 is divided by 767.
745
What is the remainder when 111321 is divided by 10120?
1
What is the remainder when 6790 is divided by 6?
4
Calculate the remainder when 3394238 is divided by 64.
62
What is the remainder when 8708 is divided by 362?
20
Calculate the remainder when 282 is divided by 17.
10
What is the remainder when 8388 is divided by 803?
358
Calculate the remainder when 1267 is divided by 711.
556
What is the remainder when 256560 is divided by 983?
980
What is the remainder when 1776 is divided by 1324?
452
Calculate the remainder when 10764 is divided by 326.
6
What is the remainder when 1857069 is divided by 443?
13
What is the remainder when 2460938 is divided by 116?
114
What is the remainder when 5287 is divided by 483?
457
Calculate the remainder when 1440 is divided by 1012.
428
What is the remainder when 35427 is divided by 2530?
7
Calculate the remainder when 19136 is divided by 110.
106
Calculate the remainder when 2499 is divided by 2496.
3
Calculate the remainder when 86376 is divided by 6169.
10
What is the remainder when 2831 is divided by 206?
153
What is the remainder when 41382 is divided by 431?
6
What is the remainder when 3003 is divided by 123?
51
What is the remainder when 396162 is divided by 8612?
10
Calculate the remainder when 18786 is divided by 782.
18
What is the remainder when 800511 is divided by 4?
3
What is the remainder when 2275 is divided by 52?
39
What is the remainder when 119069 is divided by 71?
2
What is the remainder when 1634 is divided by 219?
101
Calculate the remainder when 20246 is divided by 4044.
26
Calculate the remainder when 2359 is divided by 240.
199
What is the remainder when 118685 is divided by 130?
125
Calculate the remainder when 123161 is divided by 123148.
13
Calculate the remainder when 2025 is divided by 503.
13
Calculate the remainder when 67593 is divided by 200.
193
Calculate the remainder when 3168 is divided by 110.
88
What is the remainder when 94282 is divided by 27?
25
Calculate the remainder when 2367 is divided by 1081.
205
Calculate the remainder when 144292 is divided by 136.
132
What is the remainder when 35507 is divided by 143?
43
Calculate the remainder when 170085 is divided by 56694.
3
Calculate the remainder when 4383 is divided by 439.
432
Calculate the remainder when 72143 is divided by 36037.
69
What is the remainder when 238750 is divided by 39?
31
What is the remainder when 58714 is divided by 285?
4
Calculate the remainder when 4778 is divided by 1490.
308
Calculate the remainder when 27856 is divided by 251.
246
Calculate the remainder when 14963 is divided by 326.
293
What is the remainder when 2621 is divided by 146?
139
Calculate the remainder when 13600 is divided by 67.
66
What is the remainder when 4226 is divided by 2096?
34
Calculate the remainder when 5317 is divided by 772.
685
What is the remainder when 2810 is divided by 103?
29
What is the remainder when 3263 is divided by 172?
167
What is the remainder when 4414927 is divided by 130?
127
Calculate the remainder when 41478 is divided by 2439.
15
Calculate the remainder when 5414 is divided by 42.
38
What is the remainder when 46215 is divided by 9242?
5
Calculate the remainder when 4087 is divided by 257.
232
Calculate the remainder when 834329 is divided by 417156.
17
What is the remainder when 24815 is divided by 285?
20
Calculate the remainder when 17498 is divided by 1155.
173
Calculate the remainder when 65808 is divided by 329.
8
What is the remainder when 69167 is divided by 12?
11
Calculate the remainder when 7538 is divided by 26.
24
What is the remainder when 605 is divided by 132?
77
What is the remainder when 6925962 is divided by 181?
178
Calculate the remainder when 605208 is divided by 52.
32
What is the remainder when 1805 is divided by 26?
11
What is the remainder when 403416 is divided by 603?
9
What is the remainder when 3344 is divided by 2590?
754
Calculate the remainder when 2722 is divided by 248.
242
What is the remainder when 64930 is divided by 25?
5
Calculate the remainder when 12464 is divided by 83.
14
Calculate the remainder when 70207 is divided by 3185.
137
What is the remainder when 4289 is divided by 438?
347
What is the remainder when 39696 is divided by 7?
6
What is the remainder when 5614 is divided by 70?
14
What is the remainder when 3364 is divided by 198?
196
What is the remainder when 4823 is divided by 100?
23
Calculate the remainder when 1086724 is divided by 17.
16
Calculate the remainder when 193114 is divided by 144.
10
Calculate the remainder when 12919 is divided by 809.
784
Calculate the remainder when 56783 is divided by 21.
20
What is the remainder when 589536 is divided by 7?
3
What is the remainder when 30390 is divided by 36?
6
What is the remainder when 72263 is divided by 203?
198
Calculate the remainder when 111913 is divided by 11190.
13
What is the remainder when 5247 is divided by 1669?
240
What is the remainder when 9023 is divided by 37?
32
What is the remainder when 1456 is divided by 114?
88
Calculate the remainder when 115253 is divided by 337.
336
What is the remainder when 3399 is divided by 152?
55
Calculate the remainder when 2140 is divided by 263.
36
Calculate the remainder when 2228733 is divided by 12.
9
Calculate the remainder when 277524 is divided by 29.
23
Calculate the remainder when 4640049 is divided by 50.
49
What is the remainder when 11416 is divided by 129?
64
What is the remainder when 3068962 is divided by 392?
386
What i